{"id":258,"date":"2024-11-04T14:02:37","date_gmt":"2024-11-04T14:02:37","guid":{"rendered":"https:\/\/pmtirc.motowotom.pl\/?page_id=258"},"modified":"2024-11-05T12:32:09","modified_gmt":"2024-11-05T12:32:09","slug":"o-pmt","status":"publish","type":"page","link":"https:\/\/pmtirc.motowotom.pl\/?page_id=258","title":{"rendered":"O PMT"},"content":{"rendered":"\t\t<div data-elementor-type=\"wp-page\" data-elementor-id=\"258\" class=\"elementor elementor-258\">\n\t\t\t\t<div class=\"elementor-element elementor-element-a0eebac e-flex e-con-boxed e-con e-parent\" data-id=\"a0eebac\" data-element_type=\"container\">\n\t\t\t\t\t<div class=\"e-con-inner\">\n\t\t\t\t<div class=\"elementor-element elementor-element-fddf5a9 elementor-widget elementor-widget-spacer\" data-id=\"fddf5a9\" data-element_type=\"widget\" data-widget_type=\"spacer.default\">\n\t\t\t\t<div class=\"elementor-widget-container\">\n\t\t\t\t\t<div class=\"elementor-spacer\">\n\t\t\t<div class=\"elementor-spacer-inner\"><\/div>\n\t\t<\/div>\n\t\t\t\t<\/div>\n\t\t\t\t<\/div>\n\t\t\t\t<div class=\"elementor-element elementor-element-5a26f6d elementor-widget elementor-widget-heading\" data-id=\"5a26f6d\" data-element_type=\"widget\" data-widget_type=\"heading.default\">\n\t\t\t\t<div class=\"elementor-widget-container\">\n\t\t\t<h2 class=\"elementor-heading-title elementor-size-default\">Produkcja<\/h2>\t\t<\/div>\n\t\t\t\t<\/div>\n\t\t\t\t<div class=\"elementor-element elementor-element-2839139 elementor-widget elementor-widget-spacer\" data-id=\"2839139\" data-element_type=\"widget\" data-widget_type=\"spacer.default\">\n\t\t\t\t<div class=\"elementor-widget-container\">\n\t\t\t\t\t<div class=\"elementor-spacer\">\n\t\t\t<div class=\"elementor-spacer-inner\"><\/div>\n\t\t<\/div>\n\t\t\t\t<\/div>\n\t\t\t\t<\/div>\n\t\t\t\t<div class=\"elementor-element elementor-element-1a8275b elementor-widget elementor-widget-text-editor\" data-id=\"1a8275b\" data-element_type=\"widget\" data-widget_type=\"text-editor.default\">\n\t\t\t\t<div class=\"elementor-widget-container\">\n\t\t\t\t\t\t\t<p>Nasz zak\u0142ad o powierzchni ponad 3000 metr\u00f3w kwadratowych obejmuje lini\u0119 produkcyjn\u0105 zwi\u0105zk\u00f3w gumowych oraz dwie linie produkcji opon. Jedna z nich dedykowana jest dynamicznemu modelowaniu, a druga oponom wy\u015bcigowym do motocykli.<\/p><p>Dzi\u0119ki pomys\u0142owo\u015bci swojego za\u0142o\u017cyciela, Umbro Pauselli, PMT jest w stanie produkowa\u0107 ponad 100 000 opon rocznie, zapewniaj\u0105c przy tym wyj\u0105tkowo wysok\u0105 jako\u015b\u0107. Ca\u0142a nasza produkcja oparta jest na technologii radialnej, co wyr\u00f3\u017cnia nas na tle reszty rynku i sprawia, \u017ce stanowimy unikalny przyk\u0142ad w skali \u015bwiatowej.<\/p><p>Obecnie PMT jest globaln\u0105 mark\u0105, a jej technologiczna doskona\u0142o\u015b\u0107 jest rozpoznawana na ca\u0142ym \u015bwiecie. Jeste\u015bmy obecni handlowo w ponad 50 krajach. Wiedza PMT czerpie swoje fundamenty z umiej\u0119tno\u015bci rozwijanych dzi\u0119ki udzia\u0142owi w zawodach sportowych. Firma uczestniczy w ponad 100 wydarzeniach z zakresu modelarstwa samochodowego i sport\u00f3w motocyklowych.<\/p><p>Tak silna obecno\u015b\u0107 w motorsporcie pozwala PMT na rozw\u00f3j produkt\u00f3w o wysokiej wydajno\u015bci i umacnianie pozycji lidera na rynku.<\/p><p>PMT jest znana na ca\u0142ym \u015bwiecie jako firma technologiczna i wyj\u0105tkowa, z siedzib\u0105 w Aprilia. Ka\u017cdy produkt jest wytwarzany w naszej fabryce we W\u0142oszech i dzi\u0119ki naszej kontroli jako\u015bci charakteryzuje si\u0119 niezawodno\u015bci\u0105, wysok\u0105 jako\u015bci\u0105 oraz wyj\u0105tkowymi osi\u0105gami.<\/p>\t\t\t\t\t\t<\/div>\n\t\t\t\t<\/div>\n\t\t\t\t<div class=\"elementor-element elementor-element-b0c7dc4 elementor-widget elementor-widget-image\" data-id=\"b0c7dc4\" data-element_type=\"widget\" data-widget_type=\"image.default\">\n\t\t\t\t<div class=\"elementor-widget-container\">\n\t\t\t\t\t\t\t\t\t\t\t\t\t<img fetchpriority=\"high\" decoding=\"async\" width=\"1031\" height=\"735\" src=\"https:\/\/pmtirc.motowotom.pl\/wp-content\/uploads\/2024\/11\/Screenshot-2024-11-04-at-15-26-57-PMT24_CTL_EN.pdf.png\" class=\"attachment-full size-full wp-image-280\" alt=\"\" srcset=\"https:\/\/pmtirc.motowotom.pl\/wp-content\/uploads\/2024\/11\/Screenshot-2024-11-04-at-15-26-57-PMT24_CTL_EN.pdf.png 1031w, https:\/\/pmtirc.motowotom.pl\/wp-content\/uploads\/2024\/11\/Screenshot-2024-11-04-at-15-26-57-PMT24_CTL_EN.pdf-300x214.png 300w, https:\/\/pmtirc.motowotom.pl\/wp-content\/uploads\/2024\/11\/Screenshot-2024-11-04-at-15-26-57-PMT24_CTL_EN.pdf-1024x730.png 1024w, https:\/\/pmtirc.motowotom.pl\/wp-content\/uploads\/2024\/11\/Screenshot-2024-11-04-at-15-26-57-PMT24_CTL_EN.pdf-768x548.png 768w, https:\/\/pmtirc.motowotom.pl\/wp-content\/uploads\/2024\/11\/Screenshot-2024-11-04-at-15-26-57-PMT24_CTL_EN.pdf-200x143.png 200w\" sizes=\"(max-width: 1031px) 100vw, 1031px\" \/>\t\t\t\t\t\t\t\t\t\t\t\t\t<\/div>\n\t\t\t\t<\/div>\n\t\t\t\t<div class=\"elementor-element elementor-element-9955353 elementor-widget elementor-widget-spacer\" data-id=\"9955353\" data-element_type=\"widget\" data-widget_type=\"spacer.default\">\n\t\t\t\t<div class=\"elementor-widget-container\">\n\t\t\t\t\t<div class=\"elementor-spacer\">\n\t\t\t<div class=\"elementor-spacer-inner\"><\/div>\n\t\t<\/div>\n\t\t\t\t<\/div>\n\t\t\t\t<\/div>\n\t\t\t\t<div class=\"elementor-element elementor-element-d6a02e8 elementor-widget elementor-widget-heading\" data-id=\"d6a02e8\" data-element_type=\"widget\" data-widget_type=\"heading.default\">\n\t\t\t\t<div class=\"elementor-widget-container\">\n\t\t\t<h2 class=\"elementor-heading-title elementor-size-default\">Historia<\/h2>\t\t<\/div>\n\t\t\t\t<\/div>\n\t\t\t\t<div class=\"elementor-element elementor-element-e7ba4cf elementor-widget elementor-widget-text-editor\" data-id=\"e7ba4cf\" data-element_type=\"widget\" data-widget_type=\"text-editor.default\">\n\t\t\t\t<div class=\"elementor-widget-container\">\n\t\t\t\t\t\t\t<h3>1990 &#8211; 1993<\/h3>\t\t\t\t\t\t<\/div>\n\t\t\t\t<\/div>\n\t\t\t\t<div class=\"elementor-element elementor-element-0916959 elementor-widget elementor-widget-text-editor\" data-id=\"0916959\" data-element_type=\"widget\" data-widget_type=\"text-editor.default\">\n\t\t\t\t<div class=\"elementor-widget-container\">\n\t\t\t\t\t\t\t<h5>Fundacja<\/h5>\t\t\t\t\t\t<\/div>\n\t\t\t\t<\/div>\n\t\t<div class=\"elementor-element elementor-element-cadaff5 e-grid e-con-full e-con e-child\" data-id=\"cadaff5\" data-element_type=\"container\">\n\t\t\t\t<div class=\"elementor-element elementor-element-5e970b9 elementor-widget elementor-widget-text-editor\" data-id=\"5e970b9\" data-element_type=\"widget\" data-widget_type=\"text-editor.default\">\n\t\t\t\t<div class=\"elementor-widget-container\">\n\t\t\t\t\t\t\t<p>PMT narodzi\u0142o si\u0119 z pasji do zdalnie sterowanych modeli samochod\u00f3w. W latach 80., Alessandro Pauselli, wspierany przez ojca Umbro, zacz\u0105\u0142 rywalizowa\u0107 w wy\u015bcigach modeli. Niezadowolony z dost\u0119pnych opon, Umbro wykorzysta\u0142 swoje umiej\u0119tno\u015bci, by stworzy\u0107 pierwsze opony z mieszanki gumowej zamiast g\u0105bki. Prototypy powsta\u0142y w przydomowym gara\u017cu, z pomoc\u0105 ca\u0142ej rodziny.<\/p><p>Ta innowacja szybko spotka\u0142a si\u0119 z uznaniem w spo\u0142eczno\u015bci modelarzy, co doprowadzi\u0142o do za\u0142o\u017cenia firmy PMT \u2013 Pauselli Model Tires w 1990 roku, od razu cenionej za jako\u015b\u0107 i doskona\u0142o\u015b\u0107.<\/p><p>Tak w\u0142a\u015bnie PMT powsta\u0142o z intuicji i d\u0105\u017cenia Umbro Pauselli do \u201eprzekraczania granic.\u201d<\/p>\t\t\t\t\t\t<\/div>\n\t\t\t\t<\/div>\n\t\t\t\t<div class=\"elementor-element elementor-element-14adebb elementor-widget elementor-widget-image\" data-id=\"14adebb\" data-element_type=\"widget\" data-widget_type=\"image.default\">\n\t\t\t\t<div class=\"elementor-widget-container\">\n\t\t\t\t\t\t\t\t\t\t\t\t\t<img decoding=\"async\" width=\"800\" height=\"560\" src=\"https:\/\/pmtirc.motowotom.pl\/wp-content\/uploads\/2024\/11\/valigia2.png\" class=\"attachment-large size-large wp-image-289\" alt=\"\" srcset=\"https:\/\/pmtirc.motowotom.pl\/wp-content\/uploads\/2024\/11\/valigia2.png 1000w, https:\/\/pmtirc.motowotom.pl\/wp-content\/uploads\/2024\/11\/valigia2-300x210.png 300w, https:\/\/pmtirc.motowotom.pl\/wp-content\/uploads\/2024\/11\/valigia2-768x538.png 768w, https:\/\/pmtirc.motowotom.pl\/wp-content\/uploads\/2024\/11\/valigia2-200x140.png 200w\" sizes=\"(max-width: 800px) 100vw, 800px\" \/>\t\t\t\t\t\t\t\t\t\t\t\t\t<\/div>\n\t\t\t\t<\/div>\n\t\t\t\t<\/div>\n\t\t\t\t\t<\/div>\n\t\t\t\t<\/div>\n\t\t<div class=\"elementor-element elementor-element-30ed797 e-flex e-con-boxed e-con e-parent\" data-id=\"30ed797\" data-element_type=\"container\">\n\t\t\t\t\t<div class=\"e-con-inner\">\n\t\t\t\t<div class=\"elementor-element elementor-element-f61ea28 elementor-widget elementor-widget-text-editor\" data-id=\"f61ea28\" data-element_type=\"widget\" data-widget_type=\"text-editor.default\">\n\t\t\t\t<div class=\"elementor-widget-container\">\n\t\t\t\t\t\t\t<h3 class=\"elementor-heading-title elementor-size-default\">1994 &#8211; 2000<\/h3>\t\t\t\t\t\t<\/div>\n\t\t\t\t<\/div>\n\t\t\t\t<div class=\"elementor-element elementor-element-3051662 elementor-widget elementor-widget-text-editor\" data-id=\"3051662\" data-element_type=\"widget\" data-widget_type=\"text-editor.default\">\n\t\t\t\t<div class=\"elementor-widget-container\">\n\t\t\t\t\t\t\t<h5>Boom na minimotocykle<\/h5>\t\t\t\t\t\t<\/div>\n\t\t\t\t<\/div>\n\t\t<div class=\"elementor-element elementor-element-a8ceabf e-grid e-con-full e-con e-child\" data-id=\"a8ceabf\" data-element_type=\"container\">\n\t\t\t\t<div class=\"elementor-element elementor-element-1a8af10 elementor-widget elementor-widget-text-editor\" data-id=\"1a8af10\" data-element_type=\"widget\" data-widget_type=\"text-editor.default\">\n\t\t\t\t<div class=\"elementor-widget-container\">\n\t\t\t\t\t\t\t<div class=\"flex max-w-full flex-col flex-grow\"><div class=\"min-h-8 text-message flex w-full flex-col items-end gap-2 whitespace-normal break-words [.text-message+&amp;]:mt-5\" dir=\"auto\" data-message-author-role=\"assistant\" data-message-id=\"7b1d18b7-034f-4ecf-921c-f5c1b5b3b631\" data-message-model-slug=\"gpt-4o\"><div class=\"flex w-full flex-col gap-1 empty:hidden first:pt-[3px]\"><div class=\"markdown prose w-full break-words dark:prose-invert light\"><p>Na pocz\u0105tku lat 90. na w\u0142oski rynek trafi\u0142y pierwsze minimotocykle, pocz\u0105tkowo importowane, a nast\u0119pnie produkowane przez firm\u0119 Vittorazi Racing, kierowan\u0105 przez znanego przedsi\u0119biorc\u0119 Vittoriano Orazi.<\/p><p>Wsp\u00f3\u0142praca z Vittorazi Racing pozwoli\u0142a PMT na projektowanie i produkcj\u0119 opon dla sektora minimoto, od razu przyjmuj\u0105c konstrukcj\u0119 opon radialnych, co sta\u0142o si\u0119 znakiem rozpoznawczym PMT.<\/p><p>Ten kluczowy element pozwoli\u0142 PMT z czasem ugruntowa\u0107 pozycj\u0119 jako wiod\u0105cego producenta opon do ma\u0142ych motocykli wy\u015bcigowych.<\/p><p>PMT stworzy\u0142o now\u0105 lini\u0119 produkcyjn\u0105 dedykowan\u0105 oponom 6,5 cala ca\u0142kowicie od podstaw, z maszynami unikalnymi na skal\u0119 \u015bwiatow\u0105, kt\u00f3re s\u0105 wci\u0105\u017c w u\u017cyciu.<\/p><\/div><\/div><\/div><\/div><div class=\"mb-2 flex gap-3 empty:hidden -ml-2\"><div class=\"items-center justify-start rounded-xl p-1 flex\"><div class=\"flex items-center\">\u00a0<\/div><\/div><\/div>\t\t\t\t\t\t<\/div>\n\t\t\t\t<\/div>\n\t\t\t\t<div class=\"elementor-element elementor-element-9676816 elementor-widget elementor-widget-image\" data-id=\"9676816\" data-element_type=\"widget\" data-widget_type=\"image.default\">\n\t\t\t\t<div class=\"elementor-widget-container\">\n\t\t\t\t\t\t\t\t\t\t\t\t\t<img decoding=\"async\" width=\"800\" height=\"600\" src=\"https:\/\/pmtirc.motowotom.pl\/wp-content\/uploads\/2024\/11\/SIC-VALENTINO-Pista-SAN-MAURO-A-MARE-3.webp\" class=\"attachment-large size-large wp-image-290\" alt=\"\" srcset=\"https:\/\/pmtirc.motowotom.pl\/wp-content\/uploads\/2024\/11\/SIC-VALENTINO-Pista-SAN-MAURO-A-MARE-3.webp 960w, https:\/\/pmtirc.motowotom.pl\/wp-content\/uploads\/2024\/11\/SIC-VALENTINO-Pista-SAN-MAURO-A-MARE-3-300x225.webp 300w, https:\/\/pmtirc.motowotom.pl\/wp-content\/uploads\/2024\/11\/SIC-VALENTINO-Pista-SAN-MAURO-A-MARE-3-768x576.webp 768w, https:\/\/pmtirc.motowotom.pl\/wp-content\/uploads\/2024\/11\/SIC-VALENTINO-Pista-SAN-MAURO-A-MARE-3-200x150.webp 200w\" sizes=\"(max-width: 800px) 100vw, 800px\" \/>\t\t\t\t\t\t\t\t\t\t\t\t\t<\/div>\n\t\t\t\t<\/div>\n\t\t\t\t<\/div>\n\t\t\t\t\t<\/div>\n\t\t\t\t<\/div>\n\t\t<div class=\"elementor-element elementor-element-587d439 e-flex e-con-boxed e-con e-parent\" data-id=\"587d439\" data-element_type=\"container\">\n\t\t\t\t\t<div class=\"e-con-inner\">\n\t\t\t\t<div class=\"elementor-element elementor-element-e3e2172 elementor-widget elementor-widget-text-editor\" data-id=\"e3e2172\" data-element_type=\"widget\" data-widget_type=\"text-editor.default\">\n\t\t\t\t<div class=\"elementor-widget-container\">\n\t\t\t\t\t\t\t<h3>2001 &#8211; 2010<\/h3>\t\t\t\t\t\t<\/div>\n\t\t\t\t<\/div>\n\t\t\t\t<div class=\"elementor-element elementor-element-309022c elementor-widget elementor-widget-text-editor\" data-id=\"309022c\" data-element_type=\"widget\" data-widget_type=\"text-editor.default\">\n\t\t\t\t<div class=\"elementor-widget-container\">\n\t\t\t\t\t\t\t<h5>Polini italian cup<\/h5>\t\t\t\t\t\t<\/div>\n\t\t\t\t<\/div>\n\t\t<div class=\"elementor-element elementor-element-c5ef1bd e-grid e-con-full e-con e-child\" data-id=\"c5ef1bd\" data-element_type=\"container\">\n\t\t\t\t<div class=\"elementor-element elementor-element-f08e1dc elementor-widget elementor-widget-text-editor\" data-id=\"f08e1dc\" data-element_type=\"widget\" data-widget_type=\"text-editor.default\">\n\t\t\t\t<div class=\"elementor-widget-container\">\n\t\t\t\t\t\t\t<div class=\"flex max-w-full flex-col flex-grow\"><div class=\"min-h-8 text-message flex w-full flex-col items-end gap-2 whitespace-normal break-words [.text-message+&amp;]:mt-5\" dir=\"auto\" data-message-author-role=\"assistant\" data-message-id=\"c06c1934-4f9b-4f89-8a78-d5126e8fa6eb\" data-message-model-slug=\"gpt-4o\"><div class=\"flex w-full flex-col gap-1 empty:hidden first:pt-[3px]\"><div class=\"markdown prose w-full break-words dark:prose-invert light\"><p>Nowe tysi\u0105clecie przynios\u0142o wiele zmian. Dzi\u0119ki pozycji lidera w sektorze ma\u0142ych opon PMT zacz\u0119\u0142o rozszerza\u0107 horyzonty.<\/p><p>W 2003 roku PMT, na zlecenie BMW-Sauber, opracowa\u0142o specjalne opony w ma\u0142ej skali, kt\u00f3re by\u0142y wykorzystywane przez zesp\u00f3\u0142 F1 podczas test\u00f3w w tunelu aerodynamicznym.<\/p><p>Wzrost zapotrzebowania na opony PMT doprowadzi\u0142 do produkcji opon 10-calowych. Prze\u0142om nast\u0105pi\u0142 w 2007 roku podczas Polini Italian Cup, gdzie PMT rywalizowa\u0142o z markami Sava, Bridgestone i Dunlop. Ma\u0142a firma z Aprilia, z za\u0142o\u017cycielem Umbro Pauselli na czele, pobi\u0142a wszystkie rekordy tor\u00f3w i zachwyci\u0142a ekspert\u00f3w.<\/p><p>Sukces opon 10-calowych sk\u0142oni\u0142 PMT do produkcji opon radialnych 12-calowych w 2009 roku, co natychmiast umocni\u0142o pozycj\u0119 firmy jako lidera w sektorze ma\u0142ych opon.<\/p><\/div><\/div><\/div><\/div><div class=\"mb-2 flex gap-3 empty:hidden -ml-2\"><div class=\"items-center justify-start rounded-xl p-1 flex\"><div class=\"flex items-center\">\u00a0<\/div><\/div><\/div>\t\t\t\t\t\t<\/div>\n\t\t\t\t<\/div>\n\t\t\t\t<div class=\"elementor-element elementor-element-155f01b elementor-widget elementor-widget-image\" data-id=\"155f01b\" data-element_type=\"widget\" data-widget_type=\"image.default\">\n\t\t\t\t<div class=\"elementor-widget-container\">\n\t\t\t\t\t\t\t\t\t\t\t\t\t<img loading=\"lazy\" decoding=\"async\" width=\"700\" height=\"560\" src=\"https:\/\/pmtirc.motowotom.pl\/wp-content\/uploads\/2024\/11\/100big_AG39987_sito.jpg\" class=\"attachment-large size-large wp-image-298\" alt=\"\" srcset=\"https:\/\/pmtirc.motowotom.pl\/wp-content\/uploads\/2024\/11\/100big_AG39987_sito.jpg 700w, https:\/\/pmtirc.motowotom.pl\/wp-content\/uploads\/2024\/11\/100big_AG39987_sito-300x240.jpg 300w, https:\/\/pmtirc.motowotom.pl\/wp-content\/uploads\/2024\/11\/100big_AG39987_sito-200x160.jpg 200w\" sizes=\"(max-width: 700px) 100vw, 700px\" \/>\t\t\t\t\t\t\t\t\t\t\t\t\t<\/div>\n\t\t\t\t<\/div>\n\t\t\t\t<\/div>\n\t\t\t\t\t<\/div>\n\t\t\t\t<\/div>\n\t\t<div class=\"elementor-element elementor-element-ac66892 e-flex e-con-boxed e-con e-parent\" data-id=\"ac66892\" data-element_type=\"container\">\n\t\t\t\t\t<div class=\"e-con-inner\">\n\t\t\t\t<div class=\"elementor-element elementor-element-9fef456 elementor-widget elementor-widget-text-editor\" data-id=\"9fef456\" data-element_type=\"widget\" data-widget_type=\"text-editor.default\">\n\t\t\t\t<div class=\"elementor-widget-container\">\n\t\t\t\t\t\t\t<h3>2011 &#8211; obecnie<\/h3>\t\t\t\t\t\t<\/div>\n\t\t\t\t<\/div>\n\t\t\t\t<div class=\"elementor-element elementor-element-8dc029d elementor-widget elementor-widget-text-editor\" data-id=\"8dc029d\" data-element_type=\"widget\" data-widget_type=\"text-editor.default\">\n\t\t\t\t<div class=\"elementor-widget-container\">\n\t\t\t\t\t\t\t<h5>Nowe wyzwania<\/h5>\t\t\t\t\t\t<\/div>\n\t\t\t\t<\/div>\n\t\t<div class=\"elementor-element elementor-element-0f7ea01 e-grid e-con-full e-con e-child\" data-id=\"0f7ea01\" data-element_type=\"container\">\n\t\t\t\t<div class=\"elementor-element elementor-element-368b566 elementor-widget elementor-widget-text-editor\" data-id=\"368b566\" data-element_type=\"widget\" data-widget_type=\"text-editor.default\">\n\t\t\t\t<div class=\"elementor-widget-container\">\n\t\t\t\t\t\t\t<p>Dzi\u015b PMT jest uznawane za lidera w projektowaniu i produkcji opon wy\u015bcigowych, dzi\u0119ki sukcesom we wszystkich kategoriach, w kt\u00f3rych wykorzystywano nasze opony.<\/p><p>Ten sukces to wynik czasem trudnej drogi, na kt\u00f3rej ka\u017cdy napotkany problem zosta\u0142 pokonany dzi\u0119ki do\u015bwiadczeniu, badaniom, inwestycjom i przede wszystkim pasji ca\u0142ej rodziny.<\/p><p>Marka PMT zdoby\u0142a mi\u0119dzynarodowe uznanie dzi\u0119ki wsp\u00f3\u0142pracy z federacjami Motoamerica, FIM i RFME oraz presti\u017cowymi partnerami, takimi jak OHVALE i THUNDERVOLT by Loris Reggiani.<\/p><p>Nasze osi\u0105gni\u0119cia i rosn\u0105ca liczba klient\u00f3w motywuj\u0105 nas do ci\u0105g\u0142ego rozwoju. Wprowadzanie nowych materia\u0142\u00f3w, tworzenie produkt\u00f3w i szukanie innowacyjnych rozwi\u0105za\u0144 to sta\u0142e wyzwanie dla firmy.<\/p><p>Dla PMT wydajno\u015b\u0107 i jako\u015b\u0107 s\u0105 jak wy\u015bcig, a my nigdy nie zadowalamy si\u0119 drugim miejscem.<\/p>\t\t\t\t\t\t<\/div>\n\t\t\t\t<\/div>\n\t\t\t\t<div class=\"elementor-element elementor-element-a1aba69 elementor-widget elementor-widget-image\" data-id=\"a1aba69\" data-element_type=\"widget\" data-widget_type=\"image.default\">\n\t\t\t\t<div class=\"elementor-widget-container\">\n\t\t\t\t\t\t\t\t\t\t\t\t\t<img loading=\"lazy\" decoding=\"async\" width=\"800\" height=\"588\" src=\"https:\/\/pmtirc.motowotom.pl\/wp-content\/uploads\/2024\/11\/PMT_tyres-01-1024x752.png\" class=\"attachment-large size-large wp-image-300\" alt=\"\" srcset=\"https:\/\/pmtirc.motowotom.pl\/wp-content\/uploads\/2024\/11\/PMT_tyres-01-1024x752.png 1024w, https:\/\/pmtirc.motowotom.pl\/wp-content\/uploads\/2024\/11\/PMT_tyres-01-300x220.png 300w, https:\/\/pmtirc.motowotom.pl\/wp-content\/uploads\/2024\/11\/PMT_tyres-01-768x564.png 768w, https:\/\/pmtirc.motowotom.pl\/wp-content\/uploads\/2024\/11\/PMT_tyres-01-200x147.png 200w, https:\/\/pmtirc.motowotom.pl\/wp-content\/uploads\/2024\/11\/PMT_tyres-01.png 1038w\" sizes=\"(max-width: 800px) 100vw, 800px\" \/>\t\t\t\t\t\t\t\t\t\t\t\t\t<\/div>\n\t\t\t\t<\/div>\n\t\t\t\t<\/div>\n\t\t\t\t\t<\/div>\n\t\t\t\t<\/div>\n\t\t<div class=\"elementor-element elementor-element-cb18281 e-flex e-con-boxed e-con e-parent\" data-id=\"cb18281\" data-element_type=\"container\">\n\t\t\t\t\t<div class=\"e-con-inner\">\n\t\t\t\t<div class=\"elementor-element elementor-element-2cd5891 elementor-widget elementor-widget-spacer\" data-id=\"2cd5891\" data-element_type=\"widget\" data-widget_type=\"spacer.default\">\n\t\t\t\t<div class=\"elementor-widget-container\">\n\t\t\t\t\t<div class=\"elementor-spacer\">\n\t\t\t<div class=\"elementor-spacer-inner\"><\/div>\n\t\t<\/div>\n\t\t\t\t<\/div>\n\t\t\t\t<\/div>\n\t\t\t\t\t<\/div>\n\t\t\t\t<\/div>\n\t\t\t\t<\/div>\n\t\t","protected":false},"excerpt":{"rendered":"<p>Produkcja Nasz zak\u0142ad o powierzchni ponad 3000 metr\u00f3w kwadratowych obejmuje lini\u0119 produkcyjn\u0105 zwi\u0105zk\u00f3w gumowych oraz dwie linie produkcji opon. Jedna z nich dedykowana jest dynamicznemu modelowaniu, a druga oponom wy\u015bcigowym do motocykli. Dzi\u0119ki pomys\u0142owo\u015bci swojego za\u0142o\u017cyciela, Umbro Pauselli, PMT jest w stanie produkowa\u0107 ponad 100 000 opon rocznie, zapewniaj\u0105c przy tym wyj\u0105tkowo wysok\u0105 jako\u015b\u0107. Ca\u0142a [&hellip;]<\/p>\n","protected":false},"author":2,"featured_media":0,"parent":0,"menu_order":0,"comment_status":"closed","ping_status":"closed","template":"","meta":{"footnotes":""},"class_list":["post-258","page","type-page","status-publish","hentry"],"_links":{"self":[{"href":"https:\/\/pmtirc.motowotom.pl\/index.php?rest_route=\/wp\/v2\/pages\/258"}],"collection":[{"href":"https:\/\/pmtirc.motowotom.pl\/index.php?rest_route=\/wp\/v2\/pages"}],"about":[{"href":"https:\/\/pmtirc.motowotom.pl\/index.php?rest_route=\/wp\/v2\/types\/page"}],"author":[{"embeddable":true,"href":"https:\/\/pmtirc.motowotom.pl\/index.php?rest_route=\/wp\/v2\/users\/2"}],"replies":[{"embeddable":true,"href":"https:\/\/pmtirc.motowotom.pl\/index.php?rest_route=%2Fwp%2Fv2%2Fcomments&post=258"}],"version-history":[{"count":32,"href":"https:\/\/pmtirc.motowotom.pl\/index.php?rest_route=\/wp\/v2\/pages\/258\/revisions"}],"predecessor-version":[{"id":521,"href":"https:\/\/pmtirc.motowotom.pl\/index.php?rest_route=\/wp\/v2\/pages\/258\/revisions\/521"}],"wp:attachment":[{"href":"https:\/\/pmtirc.motowotom.pl\/index.php?rest_route=%2Fwp%2Fv2%2Fmedia&parent=258"}],"curies":[{"name":"wp","href":"https:\/\/api.w.org\/{rel}","templated":true}]}}